3, 35509
List the prime factors of 28.
2, 7
List the prime factors of 177.
3, 59
What are the prime factors of 6621?
3, 2207
What are the prime factors of 267?
3, 89
List the prime factors of 51137.
51137
What are the prime factors of 52418?
2, 26209
What are the prime factors of 113812?
2, 37, 769
What are the prime factors of 421?
421
What are the prime factors of 4299?
3, 1433
List the prime factors of 8685.
3, 5, 193
List the prime factors of 84.
2, 3, 7
What are the prime factors of 34063?
23, 1481
What are the prime factors of 79032?
2, 3, 37, 89
List the prime factors of 27332.
2, 6833
What are the prime factors of 422?
2, 211
List the prime factors of 470.
2, 5, 47
List the prime factors of 68785.
5, 13757
List the prime factors of 3006.
2, 3, 167
List the prime factors of 1681.
41
What are the prime factors of 9780?
2, 3, 5, 163
List the prime factors of 435.
3, 5, 29
What are the prime factors of 2984?
2, 373
What are the prime factors of 991?
991
What are the prime factors of 10744?
2, 17, 79
List the prime factors of 751.
751
List the prime factors of 57074.
2, 28537
List the prime factors of 6871.
6871
List the prime factors of 448.
2, 7
List the prime factors of 90.
2, 3, 5
What are the prime factors of 2589?
3, 863
List the prime factors of 30212.
2, 7, 13, 83
List the prime factors of 2776.
2, 347
What are the prime factors of 51749?
51749
What are the prime factors of 1511?
1511
What are the prime factors of 9862?
2, 4931
List the prime factors of 1167.
3, 389
What are the prime factors of 36802?
2, 18401
What are the prime factors of 13036?
2, 3259
List the prime factors of 159129.
3, 17681
What are the prime factors of 5096?
2, 7, 13
List the prime factors of 8004.
2, 3, 23, 29
What are the prime factors of 9967?
9967
List the prime factors of 3117.
3, 1039
List the prime factors of 43781.
43781
What are the prime factors of 2501?
41, 61
What are the prime factors of 2137?
2137
What are the prime factors of 37266?
2, 3, 6211
What are the prime factors of 1496?
2, 11, 17
List the prime factors of 1533.
3, 7, 73
List the prime factors of 87083.
87083
List the prime factors of 13807.
13807
List the prime factors of 1715.
5, 7
What are the prime factors of 31064?
2, 11, 353
List the prime factors of 78583.
78583
What are the prime factors of 60151?
7, 13, 661
What are the prime factors of 9040?
2, 5, 113
What are the prime factors of 242?
2, 11
What are the prime factors of 9685?
5, 13, 149
What are the prime factors of 1757?
7, 251
What are the prime factors of 31660?
2, 5, 1583
What are the prime factors of 1143?
3, 127
List the prime factors of 407.
11, 37
List the prime factors of 51960.
2, 3, 5, 433
What are the prime factors of 4031?
29, 139
List the prime factors of 1362.
2, 3, 227
What are the prime factors of 1191?
3, 397
List the prime factors of 120267.
3, 7, 23, 83
List the prime factors of 849.
3, 283
What are the prime factors of 3302?
2, 13, 127
What are the prime factors of 85365?
3, 5, 7, 271
What are the prime factors of 2089?
2089
What are the prime factors of 8856?
2, 3, 41
What are the prime factors of 6877?
13, 23
What are the prime factors of 2674?
2, 7, 191
List the prime factors of 3244.
2, 811
List the prime factors of 6595.
5, 1319
What are the prime factors of 75311?
127, 593
What are the prime factors of 20260?
2, 5, 1013
List the prime factors of 805.
5, 7, 23
What are the prime factors of 70754?
2, 17, 2081
List the prime factors of 16818.
2, 3, 2803
What are the prime factors of 164546?
2, 29, 2837
What are the prime factors of 9503?
13, 17, 43
List the prime factors of 2399.
2399
List the prime factors of 16177.
7, 2311
List the prime factors of 708.
2, 3, 59
List the prime factors of 2380.
2, 5, 7, 17
What are the prime factors of 1711?
29, 59
List the prime factors of 1450.
2, 5, 29
List the prime factors of 3731.
7, 13, 41
List the prime factors of 46976.
2, 367
What are the prime factors of 154?
2, 7, 11
What are the prime factors of 66087?
3, 7, 1049
What are the prime factors of 1003?
17, 59
What are the prime factors of 568?
2, 71
List the prime factors of 9292.
2, 23, 101
List the prime factors of 1376.
2, 43
List the prime factors of 28884.
2, 3, 29, 83
What are the prime factors of 21497?
7, 37, 83
List the prime factors of 8670.
2, 3, 5, 17
List the prime factors of 12452.
2, 11, 283
List the prime factors of 71834.
2, 7, 733
List the prime factors of 2247.
3, 7, 107
What are the prime factors of 627?
3, 11, 19
What are the prime factors of 11404?
2, 2851
List the prime factors of 1404.
2, 3, 13
What are the prime factors of 95643?
3, 10627
List the prime factors of 3274.
2, 1637
What are the prime factors of 8309?
7, 1187
What are the prime factors of 3667?
19, 193
What are the prime factors of 6360?
2, 3, 5, 53
List the prime factors of 20628.
2, 3, 191
What are the prime factors of 4751?
4751
What are the prime factors of 5035?
5, 19, 53
List the prime factors of 6470.
2, 5, 647
List the prime factors of 2530.
2, 5, 11, 23
What are the prime factors of 1742?
2, 13, 67
List the prime factors of 3099.
3, 1033
List the prime factors of 702.
2, 3, 13
List the prime factors of 474.
2, 3, 79
What are the prime factors of 2872?
2, 359
What are the prime factors of 111609?
3, 12401
List the prime factors of 40178.
2, 20089
What are the prime factors of 5128?
2, 641
What are the prime factors of 3542?
2, 7, 11, 23
What are the prime factors of 206218?
2, 23, 4483
List the prime factors of 93443.
7, 1907
What are the prime factors of 5262?
2, 3, 877
List the prime factors of 25630.
2, 5, 11, 233
What are the prime factors of 1286?
2, 643
List the prime factors of 166.
2, 83
What are the prime factors of 44239?
13, 41, 83
What are the prime factors of 84787?
84787
List the prime factors of 9421.
9421
List the prime factors of 470.
2, 5, 47
What are the prime factors of 1615?
5, 17, 19
What are the prime factors of 4357?
4357
What are the prime factors of 4187?
53, 79
List the prime factors of 2238.
2, 3, 373
List the prime factors of 637.
7, 13
List the prime factors of 79388.
2, 89, 223
List the prime factors of 8315.
5, 1663
What are the prime factors of 26159?
7, 37, 101
What are the prime factors of 7136?
2, 223
What are the prime factors of 39078?
2, 3, 13, 167
List the prime factors of 13944.
2, 3, 7, 83
What are the prime factors of 6656?
2, 13
List the prime factors of 18772.
2, 13, 19
What are the prime factors of 3243?
3, 23, 47
List the prime factors of 40037.
40037
What are the prime factors of 1174?
2, 587
What are the prime factors of 25598?
2, 12799
What are the prime factors of 224?
2, 7
List the prime factors of 1032.
2, 3, 43
List the prime factors of 4746.
2, 3, 7, 113
List the prime factors of 116.
2, 29
What are the prime factors of 12952?
2, 1619
List the prime factors of 3182.
2, 37, 43
What are the prime factors of 588?
2, 3, 7
What are the prime factors of 20566?
2, 7, 13, 113
What are the prime factors of 280?
2, 5, 7
List the prime factors of 956.
2, 239
What are the prime factors of 2328?
2, 3, 97
What are the prime factors of 808?
2, 101
List the prime factors of 2478.
2, 3, 7, 59
What are the prime factors of 13830?
2, 3, 5, 461
List the prime factors of 100293.
3, 101, 331
What are the prime factors of 51?
3, 17
List the prime factors of 15070.
2, 5, 11, 137
List the prime factors of 1138.
2, 569
List the prime factors of 238.
2, 7, 17
List the prime factors of 64549.
17, 3797
What are the prime factors of 184?
2, 23
What are the prime factors of 193?
193
List the prime factors of 1904.
2, 7, 17
List the prime factors of 385.
5, 7, 11
What are the prime factors of 11778?
2, 3, 13, 151
List the prime factors of 24257.
127, 191
List the prime factors of 1597.
1597
What are the prime factors of 2739?
3, 11, 83
What are the prime factors of 15175?
5, 607
What are the prime factors of 2168?
2, 271
What are the prime factors of 6131?
6131
List the prime factors of 8101.
8101
What are the prime factors of 3120?
2, 3, 5, 13
What are the prime factors of 2637?
3, 293
List the prime factors of 34974.
2, 3, 29, 67
List the prime factors of 7822.
2, 3911
List the prime factors of 2924.
2, 17, 43
What are the prime factors of 5884?
2, 1471
List the prime factors of 1642.